{"id":325,"date":"2010-07-24T17:01:45","date_gmt":"2010-07-24T17:01:45","guid":{"rendered":"http:\/\/camping-bertahof.at\/beta\/"},"modified":"2023-08-16T11:15:27","modified_gmt":"2023-08-16T11:15:27","slug":"valle-di-gastein","status":"publish","type":"page","link":"https:\/\/camping-bertahof.at\/it\/valle-di-gastein\/","title":{"rendered":"Valle di Gastein"},"content":{"rendered":"<div class=\"wpb-content-wrapper\"><p>[vc_row section=&#8221;yes&#8221; paddingtop=&#8221;200px&#8221; textcolor=&#8221;light&#8221; bg_type=&#8221;image&#8221; parallax_style=&#8221;vcpb-default&#8221; bg_image_new=&#8221;id^1467|url^http:\/\/camping-bertahof.at\/wp-content\/uploads\/gastein-valley-870156-pixabay.jpg|caption^null|alt^null|title^gastein-valley-870156-pixabay|description^null&#8221; bg_image_repeat=&#8221;no-repeat&#8221; backgroundcolor=&#8221;#006837&#8243; backgroundimage=&#8221;2532&#8243;][vc_column]<div class=\"line-header text-center\"><h1>Valle di Gastein<\/h1><span class=\"header-sep\"><\/span><\/div>[\/vc_column][\/vc_row][vc_row section=&#8221;yes&#8221; textcolor=&#8221;light&#8221; bg_type=&#8221;bg_color&#8221; bg_color_value=&#8221;#035d2e&#8221; backgroundcolor=&#8221;#006837&#8243;][vc_column el_class=&#8221;mt-emphasis&#8221;][vc_column_text]\n<p style=\"text-align: center;\">Ricordate la terra calda sotto i piedi e l\u2019erba che solletica le dita?<br \/>\nIl vento che accarezza i capelli e le campane che risuonano all\u2019orecchio?<\/p>\n[\/vc_column_text][\/vc_column][\/vc_row][vc_row section=&#8221;yes&#8221;][vc_column][vc_column_text]Le mani immerse nell\u2019acqua fresca e scrosciante, il piacere di bere l\u2019acqua cristallina dalla sorgente. Il latte appena munto, ancora caldo, il pane appena sfornato, croccante e profumato. Le meravigliose vette delle Alpi davanti agli occhi. Le vacanze estive nella Valle di Gastein vi faranno vivere tutto questo e ancora tanto di pi\u00f9! Regalate a voi stessi e alla vostra famiglia un periodo indimenticabile da trascorrere insieme.<\/p>\n<p><strong>Immaginate un sogno invernale:<\/strong><\/p>\n<p>il cielo azzurro sopra i pendii imbiancati dalla neve soffice, il pennacchio di fumo che sale dal camino di un\u2019accogliente baita. Il tintinnio dei campanelli appesi alla slitta trainata dai cavalli, il piacevole relax nelle terme calde. Questo sogno si chiama Gastein![\/vc_column_text][vc_row_inner][vc_column_inner width=&#8221;1\/3&#8243;]<img decoding=\"async\" src=\"https:\/\/camping-bertahof.at\/wp-content\/uploads\/2010\/10\/alpentherme-gastein-bad-hofgastein-salzburg-360x200.jpg\" class=\" mt-animated\" data-anim-type=\"\" \/><div class=\"line-header text-left\"><h3>Bad Hofgastein<\/h3><span class=\"header-sep\"><\/span><\/div>[vc_column_text]Bad Hofgastein \u00e8 Marktgemeinde<em>,<\/em> ovvero comune con diritto di svolgervi il mercato e centro storico della Valle di Gastein, ed \u00e8 ubicata nella parte pi\u00f9 estesa e soleggiata della vallata. Il centro \u00e8 circondato dalla zona pedonale, da bei negozi, hotel e ristoranti oltre che dal grande parco cittadino &#8211; il <em>Kurpark<\/em>.<\/p>\n<p>Lo sci, le montagne e le Gasteiner <a href=\"http:\/\/www.gastein.com\/it-centro_benessere-gastein_terme.htm\">Alpen Therme<\/a> creano un ambiente unico. Lasciatevi sedurre anche dal variegato <a href=\"http:\/\/www.gastein.com\/it-servizi-eventkalender.htm\">programma musicale e culturale<\/a>. Scoprite la grande variet\u00e0 di possibilit\u00e0 per lo sport in <a href=\"http:\/\/www.gastein.com\/it-estive_gastein-index.htm\">estate<\/a> ed in <a href=\"http:\/\/www.gastein.com\/it-inverno_gastein-index.htm\">inverno<\/a>!<\/p>\n<p>Bad Hofgastein ha saputo integrare elegantemente la sua accattivante architettura nel paesaggio naturale circostante. Guardate dalla vostra finestra e godetevi il mondo alpino di Gastein! Potete anche dare un\u2019occhiata alla nostra webcam o esplorare Bad Hofgastein con l\u2019aiuto della nostra\u00a0 <a href=\"http:\/\/www.gastein.com\/it-valle_di_gastein-pianti_digitale.htm\">mappa interattiva<\/a>.[\/vc_column_text][\/vc_column_inner][vc_column_inner width=&#8221;1\/3&#8243;]<img decoding=\"async\" src=\"https:\/\/camping-bertahof.at\/wp-content\/uploads\/gallery_gesamtansicht_tsg-016-360x200.jpg\" class=\" mt-animated\" data-anim-type=\"\" \/><div class=\"line-header text-left\"><h3>Das Salzburger Land<\/h3><span class=\"header-sep\"><\/span><\/div>[vc_column_text]\n<ul>\n<li><a href=\"http:\/\/wandern.salzburgerland.com\/\" target=\"_blank\" rel=\"noopener\">Wandern &amp; Trekking<\/a><\/li>\n<li><a href=\"http:\/\/almsommer.salzburgerland.com\/\" target=\"_blank\" rel=\"noopener\">Salzburger Almsommer<\/a><\/li>\n<li><a href=\"http:\/\/rad.salzburgerland.com\/\" target=\"_blank\" rel=\"noopener\">Rad &amp; Bike im Salzburger Land<\/a><\/li>\n<li><a href=\"http:\/\/www.salzburg.info\/de\/\" target=\"_blank\" rel=\"noopener\">Alles \u00fcber Salzburg Stadt:<\/a> Kunst, Kultur, Gastronomie, Shopping, Sehenswertes<\/li>\n<\/ul>\n[\/vc_column_text][\/vc_column_inner][vc_column_inner el_class=&#8221;well&#8221; width=&#8221;1\/3&#8243;]<div class=\"line-header text-left\"><h3>Camera &amp; Appartamento<\/h3><span class=\"header-sep\"><\/span><\/div>[vc_column_text]Trova la tua camera o appartamento nel quartiere:<\/p>\n<p><strong>Schweitzerhof &#8211;\u00a0<a href=\"http:\/\/www.inhoeger.at\" target=\"_blank\" rel=\"noopener\">www.inhoeger.at<\/a><\/strong><br \/>\nEmail: info[at]inhorger.at<br \/>\nTel.: 06423 \u2013 67 32<br \/>\nA soli 3 minuti a piedi dal campeggio!<\/p>\n<p><strong>Haus Hetteger<\/strong><br \/>\nEmail: haushettegger[at]aon.at<br \/>\nTel.: 06432 \u2013 67 28<br \/>\nA soli 3 minuti a piedi dal campeggio!<\/p>\n<p><strong>Haus Bergheim<\/strong><br \/>\nEmail: haus.bergheim[at]gmail.com<br \/>\nTel.: 0676 \u2013 373 66 46[\/vc_column_text][\/vc_column_inner][\/vc_row_inner][\/vc_column][\/vc_row]<\/p>\n<\/div>","protected":false},"excerpt":{"rendered":"<p>[vc_row section=&#8221;yes&#8221; paddingtop=&#8221;200px&#8221; textcolor=&#8221;light&#8221; bg_type=&#8221;image&#8221; parallax_style=&#8221;vcpb-default&#8221; bg_image_new=&#8221;id^1467|url^http:\/\/camping-bertahof.at\/wp-content\/uploads\/gastein-valley-870156-pixabay.jpg|caption^null|alt^null|title^gastein-valley-870156-pixabay|description^null&#8221; bg_image_repeat=&#8221;no-repeat&#8221; backgroundcolor=&#8221;#006837&#8243; backgroundimage=&#8221;2532&#8243;][vc_column][\/vc_column][\/vc_row][vc_row section=&#8221;yes&#8221; textcolor=&#8221;light&#8221; bg_type=&#8221;bg_color&#8221; bg_color_value=&#8221;#035d2e&#8221; backgroundcolor=&#8221;#006837&#8243;][vc_column el_class=&#8221;mt-emphasis&#8221;][vc_column_text] Ricordate la terra calda [&hellip;]<\/p>\n","protected":false},"author":7,"featured_media":0,"parent":0,"menu_order":70,"comment_status":"closed","ping_status":"closed","template":"template-sections.php","meta":{"footnotes":""},"class_list":["post-325","page","type-page","status-publish","hentry"],"yoast_head":"<!-- This site is optimized with the Yoast SEO plugin v27.4 - https:\/\/yoast.com\/product\/yoast-seo-wordpress\/ -->\n<title>Valle di Gastein - Camping Bertahof<\/title>\n<meta name=\"description\" content=\"Ob Sommer oder Winter: Der Campingplatz Bertahof in Bad Hofgastein im Salzburger Land bietet alles f\u00fcr einen gelungenen Camping-Urlaub.\" \/>\n<meta name=\"robots\" content=\"index, follow, max-snippet:-1, max-image-preview:large, max-video-preview:-1\" \/>\n<link rel=\"canonical\" href=\"https:\/\/camping-bertahof.at\/it\/valle-di-gastein\/\" \/>\n<meta property=\"og:locale\" content=\"it_IT\" \/>\n<meta property=\"og:type\" content=\"article\" \/>\n<meta property=\"og:title\" content=\"Valle di Gastein - Camping Bertahof\" \/>\n<meta property=\"og:description\" content=\"Ob Sommer oder Winter: Der Campingplatz Bertahof in Bad Hofgastein im Salzburger Land bietet alles f\u00fcr einen gelungenen Camping-Urlaub.\" \/>\n<meta property=\"og:url\" content=\"https:\/\/camping-bertahof.at\/it\/valle-di-gastein\/\" \/>\n<meta property=\"og:site_name\" content=\"Camping Bertahof\" \/>\n<meta property=\"article:publisher\" content=\"https:\/\/www.facebook.com\/CampingBertahof\" \/>\n<meta property=\"article:modified_time\" content=\"2023-08-16T11:15:27+00:00\" \/>\n<meta name=\"twitter:card\" content=\"summary_large_image\" \/>\n<meta name=\"twitter:label1\" content=\"Tempo di lettura stimato\" \/>\n\t<meta name=\"twitter:data1\" content=\"3 minuti\" \/>\n<script type=\"application\/ld+json\" class=\"yoast-schema-graph\">{\"@context\":\"https:\\\/\\\/schema.org\",\"@graph\":[{\"@type\":\"WebPage\",\"@id\":\"https:\\\/\\\/camping-bertahof.at\\\/it\\\/valle-di-gastein\\\/\",\"url\":\"https:\\\/\\\/camping-bertahof.at\\\/it\\\/valle-di-gastein\\\/\",\"name\":\"Valle di Gastein - Camping Bertahof\",\"isPartOf\":{\"@id\":\"https:\\\/\\\/camping-bertahof.at\\\/it\\\/#website\"},\"datePublished\":\"2010-07-24T17:01:45+00:00\",\"dateModified\":\"2023-08-16T11:15:27+00:00\",\"description\":\"Ob Sommer oder Winter: Der Campingplatz Bertahof in Bad Hofgastein im Salzburger Land bietet alles f\u00fcr einen gelungenen Camping-Urlaub.\",\"breadcrumb\":{\"@id\":\"https:\\\/\\\/camping-bertahof.at\\\/it\\\/valle-di-gastein\\\/#breadcrumb\"},\"inLanguage\":\"it-IT\",\"potentialAction\":[{\"@type\":\"ReadAction\",\"target\":[\"https:\\\/\\\/camping-bertahof.at\\\/it\\\/valle-di-gastein\\\/\"]}]},{\"@type\":\"BreadcrumbList\",\"@id\":\"https:\\\/\\\/camping-bertahof.at\\\/it\\\/valle-di-gastein\\\/#breadcrumb\",\"itemListElement\":[{\"@type\":\"ListItem\",\"position\":1,\"name\":\"Startseite\",\"item\":\"https:\\\/\\\/camping-bertahof.at\\\/it\\\/\"},{\"@type\":\"ListItem\",\"position\":2,\"name\":\"Valle di Gastein\"}]},{\"@type\":\"WebSite\",\"@id\":\"https:\\\/\\\/camping-bertahof.at\\\/it\\\/#website\",\"url\":\"https:\\\/\\\/camping-bertahof.at\\\/it\\\/\",\"name\":\"Camping Bertahof\",\"description\":\"365 giorni piacere di camping al valle pi\u00fa bello d\u00b4Austria!\",\"potentialAction\":[{\"@type\":\"SearchAction\",\"target\":{\"@type\":\"EntryPoint\",\"urlTemplate\":\"https:\\\/\\\/camping-bertahof.at\\\/it\\\/?s={search_term_string}\"},\"query-input\":{\"@type\":\"PropertyValueSpecification\",\"valueRequired\":true,\"valueName\":\"search_term_string\"}}],\"inLanguage\":\"it-IT\"}]}<\/script>\n<!-- \/ Yoast SEO plugin. -->","yoast_head_json":{"title":"Valle di Gastein - Camping Bertahof","description":"Ob Sommer oder Winter: Der Campingplatz Bertahof in Bad Hofgastein im Salzburger Land bietet alles f\u00fcr einen gelungenen Camping-Urlaub.","robots":{"index":"index","follow":"follow","max-snippet":"max-snippet:-1","max-image-preview":"max-image-preview:large","max-video-preview":"max-video-preview:-1"},"canonical":"https:\/\/camping-bertahof.at\/it\/valle-di-gastein\/","og_locale":"it_IT","og_type":"article","og_title":"Valle di Gastein - Camping Bertahof","og_description":"Ob Sommer oder Winter: Der Campingplatz Bertahof in Bad Hofgastein im Salzburger Land bietet alles f\u00fcr einen gelungenen Camping-Urlaub.","og_url":"https:\/\/camping-bertahof.at\/it\/valle-di-gastein\/","og_site_name":"Camping Bertahof","article_publisher":"https:\/\/www.facebook.com\/CampingBertahof","article_modified_time":"2023-08-16T11:15:27+00:00","twitter_card":"summary_large_image","twitter_misc":{"Tempo di lettura stimato":"3 minuti"},"schema":{"@context":"https:\/\/schema.org","@graph":[{"@type":"WebPage","@id":"https:\/\/camping-bertahof.at\/it\/valle-di-gastein\/","url":"https:\/\/camping-bertahof.at\/it\/valle-di-gastein\/","name":"Valle di Gastein - Camping Bertahof","isPartOf":{"@id":"https:\/\/camping-bertahof.at\/it\/#website"},"datePublished":"2010-07-24T17:01:45+00:00","dateModified":"2023-08-16T11:15:27+00:00","description":"Ob Sommer oder Winter: Der Campingplatz Bertahof in Bad Hofgastein im Salzburger Land bietet alles f\u00fcr einen gelungenen Camping-Urlaub.","breadcrumb":{"@id":"https:\/\/camping-bertahof.at\/it\/valle-di-gastein\/#breadcrumb"},"inLanguage":"it-IT","potentialAction":[{"@type":"ReadAction","target":["https:\/\/camping-bertahof.at\/it\/valle-di-gastein\/"]}]},{"@type":"BreadcrumbList","@id":"https:\/\/camping-bertahof.at\/it\/valle-di-gastein\/#breadcrumb","itemListElement":[{"@type":"ListItem","position":1,"name":"Startseite","item":"https:\/\/camping-bertahof.at\/it\/"},{"@type":"ListItem","position":2,"name":"Valle di Gastein"}]},{"@type":"WebSite","@id":"https:\/\/camping-bertahof.at\/it\/#website","url":"https:\/\/camping-bertahof.at\/it\/","name":"Camping Bertahof","description":"365 giorni piacere di camping al valle pi\u00fa bello d\u00b4Austria!","potentialAction":[{"@type":"SearchAction","target":{"@type":"EntryPoint","urlTemplate":"https:\/\/camping-bertahof.at\/it\/?s={search_term_string}"},"query-input":{"@type":"PropertyValueSpecification","valueRequired":true,"valueName":"search_term_string"}}],"inLanguage":"it-IT"}]}},"_links":{"self":[{"href":"https:\/\/camping-bertahof.at\/it\/wp-json\/wp\/v2\/pages\/325","targetHints":{"allow":["GET"]}}],"collection":[{"href":"https:\/\/camping-bertahof.at\/it\/wp-json\/wp\/v2\/pages"}],"about":[{"href":"https:\/\/camping-bertahof.at\/it\/wp-json\/wp\/v2\/types\/page"}],"author":[{"embeddable":true,"href":"https:\/\/camping-bertahof.at\/it\/wp-json\/wp\/v2\/users\/7"}],"replies":[{"embeddable":true,"href":"https:\/\/camping-bertahof.at\/it\/wp-json\/wp\/v2\/comments?post=325"}],"version-history":[{"count":9,"href":"https:\/\/camping-bertahof.at\/it\/wp-json\/wp\/v2\/pages\/325\/revisions"}],"predecessor-version":[{"id":3857,"href":"https:\/\/camping-bertahof.at\/it\/wp-json\/wp\/v2\/pages\/325\/revisions\/3857"}],"wp:attachment":[{"href":"https:\/\/camping-bertahof.at\/it\/wp-json\/wp\/v2\/media?parent=325"}],"curies":[{"name":"wp","href":"https:\/\/api.w.org\/{rel}","templated":true}]}}

<div class="wpb-content-wrapper"><p>[vc_row section=&#8221;yes&#8221; paddingtop=&#8221;200px&#8221; textcolor=&#8221;light&#8221; bg_type=&#8221;image&#8221; parallax_style=&#8221;vcpb-default&#8221; bg_image_new=&#8221;id^1467|url^http://camping-bertahof.at/wp-content/uploads/gastein-valley-870156-pixabay.jpg|caption^null|alt^null|title^gastein-valley-870156-pixabay|description^null&#8221; bg_image_repeat=&#8221;no-repeat&#8221; backgroundcolor=&#8221;#006837&#8243; backgroundimage=&#8221;2532&#8243;][vc_column]<div class="line-header text-center"><h1>Valle di Gastein</h1><span class="header-sep"></span></div>[/vc_column][/vc_row][vc_row section=&#8221;yes&#8221; textcolor=&#8221;light&#8221; bg_type=&#8221;bg_color&#8221; bg_color_value=&#8221;#035d2e&#8221; backgroundcolor=&#8221;#006837&#8243;][vc_column el_class=&#8221;mt-emphasis&#8221;][vc_column_text]
<p style="text-align: center;">Ricordate la terra calda sotto i piedi e l’erba che solletica le dita?<br />
Il vento che accarezza i capelli e le campane che risuonano all’orecchio?</p>
[/vc_column_text][/vc_column][/vc_row][vc_row section=&#8221;yes&#8221;][vc_column][vc_column_text]Le mani immerse nell’acqua fresca e scrosciante, il piacere di bere l’acqua cristallina dalla sorgente. Il latte appena munto, ancora caldo, il pane appena sfornato, croccante e profumato. Le meravigliose vette delle Alpi davanti agli occhi. Le vacanze estive nella Valle di Gastein vi faranno vivere tutto questo e ancora tanto di più! Regalate a voi stessi e alla vostra famiglia un periodo indimenticabile da trascorrere insieme.</p>
<p><strong>Immaginate un sogno invernale:</strong></p>
<p>il cielo azzurro sopra i pendii imbiancati dalla neve soffice, il pennacchio di fumo che sale dal camino di un’accogliente baita. Il tintinnio dei campanelli appesi alla slitta trainata dai cavalli, il piacevole relax nelle terme calde. Questo sogno si chiama Gastein![/vc_column_text][vc_row_inner][vc_column_inner width=&#8221;1/3&#8243;]<img decoding="async" src="https://camping-bertahof.at/wp-content/uploads/2010/10/alpentherme-gastein-bad-hofgastein-salzburg-360x200.jpg" class=" mt-animated" data-anim-type="" /><div class="line-header text-left"><h3>Bad Hofgastein</h3><span class="header-sep"></span></div>[vc_column_text]Bad Hofgastein è Marktgemeinde<em>,</em> ovvero comune con diritto di svolgervi il mercato e centro storico della Valle di Gastein, ed è ubicata nella parte più estesa e soleggiata della vallata. Il centro è circondato dalla zona pedonale, da bei negozi, hotel e ristoranti oltre che dal grande parco cittadino &#8211; il <em>Kurpark</em>.</p>
<p>Lo sci, le montagne e le Gasteiner <a href="http://www.gastein.com/it-centro_benessere-gastein_terme.htm">Alpen Therme</a> creano un ambiente unico. Lasciatevi sedurre anche dal variegato <a href="http://www.gastein.com/it-servizi-eventkalender.htm">programma musicale e culturale</a>. Scoprite la grande varietà di possibilità per lo sport in <a href="http://www.gastein.com/it-estive_gastein-index.htm">estate</a> ed in <a href="http://www.gastein.com/it-inverno_gastein-index.htm">inverno</a>!</p>
<p>Bad Hofgastein ha saputo integrare elegantemente la sua accattivante architettura nel paesaggio naturale circostante. Guardate dalla vostra finestra e godetevi il mondo alpino di Gastein! Potete anche dare un’occhiata alla nostra webcam o esplorare Bad Hofgastein con l’aiuto della nostra  <a href="http://www.gastein.com/it-valle_di_gastein-pianti_digitale.htm">mappa interattiva</a>.[/vc_column_text][/vc_column_inner][vc_column_inner width=&#8221;1/3&#8243;]<img decoding="async" src="https://camping-bertahof.at/wp-content/uploads/gallery_gesamtansicht_tsg-016-360x200.jpg" class=" mt-animated" data-anim-type="" /><div class="line-header text-left"><h3>Das Salzburger Land</h3><span class="header-sep"></span></div>[vc_column_text]
<ul>
<li><a href="http://wandern.salzburgerland.com/" target="_blank" rel="noopener">Wandern &amp; Trekking</a></li>
<li><a href="http://almsommer.salzburgerland.com/" target="_blank" rel="noopener">Salzburger Almsommer</a></li>
<li><a href="http://rad.salzburgerland.com/" target="_blank" rel="noopener">Rad &amp; Bike im Salzburger Land</a></li>
<li><a href="http://www.salzburg.info/de/" target="_blank" rel="noopener">Alles über Salzburg Stadt:</a> Kunst, Kultur, Gastronomie, Shopping, Sehenswertes</li>
</ul>
[/vc_column_text][/vc_column_inner][vc_column_inner el_class=&#8221;well&#8221; width=&#8221;1/3&#8243;]<div class="line-header text-left"><h3>Camera &amp; Appartamento</h3><span class="header-sep"></span></div>[vc_column_text]Trova la tua camera o appartamento nel quartiere:</p>
<p><strong>Schweitzerhof &#8211; <a href="http://www.inhoeger.at" target="_blank" rel="noopener">www.inhoeger.at</a></strong><br />
Email: info[at]inhorger.at<br />
Tel.: 06423 – 67 32<br />
A soli 3 minuti a piedi dal campeggio!</p>
<p><strong>Haus Hetteger</strong><br />
Email: haushettegger[at]aon.at<br />
Tel.: 06432 – 67 28<br />
A soli 3 minuti a piedi dal campeggio!</p>
<p><strong>Haus Bergheim</strong><br />
Email: haus.bergheim[at]gmail.com<br />
Tel.: 0676 – 373 66 46[/vc_column_text][/vc_column_inner][/vc_row_inner][/vc_column][/vc_row]</p>
</div>

<!-- This site is optimized with the Yoast SEO plugin v27.4 - https://yoast.com/product/yoast-seo-wordpress/ -->
<title>Valle di Gastein - Camping Bertahof</title>
<meta name="description" content="Ob Sommer oder Winter: Der Campingplatz Bertahof in Bad Hofgastein im Salzburger Land bietet alles für einen gelungenen Camping-Urlaub." />
<meta name="robots" content="index, follow, max-snippet:-1, max-image-preview:large, max-video-preview:-1" />
<link rel="canonical" href="https://camping-bertahof.at/it/valle-di-gastein/" />
<meta property="og:locale" content="it_IT" />
<meta property="og:type" content="article" />
<meta property="og:title" content="Valle di Gastein - Camping Bertahof" />
<meta property="og:description" content="Ob Sommer oder Winter: Der Campingplatz Bertahof in Bad Hofgastein im Salzburger Land bietet alles für einen gelungenen Camping-Urlaub." />
<meta property="og:url" content="https://camping-bertahof.at/it/valle-di-gastein/" />
<meta property="og:site_name" content="Camping Bertahof" />
<meta property="article:publisher" content="https://www.facebook.com/CampingBertahof" />
<meta property="article:modified_time" content="2023-08-16T11:15:27+00:00" />
<meta name="twitter:card" content="summary_large_image" />
<meta name="twitter:label1" content="Tempo di lettura stimato" />
	<meta name="twitter:data1" content="3 minuti" />
<script type="application/ld+json" class="yoast-schema-graph">{"@context":"https:\/\/schema.org","@graph":[{"@type":"WebPage","@id":"https:\/\/camping-bertahof.at\/it\/valle-di-gastein\/","url":"https:\/\/camping-bertahof.at\/it\/valle-di-gastein\/","name":"Valle di Gastein - Camping Bertahof","isPartOf":{"@id":"https:\/\/camping-bertahof.at\/it\/#website"},"datePublished":"2010-07-24T17:01:45+00:00","dateModified":"2023-08-16T11:15:27+00:00","description":"Ob Sommer oder Winter: Der Campingplatz Bertahof in Bad Hofgastein im Salzburger Land bietet alles für einen gelungenen Camping-Urlaub.","breadcrumb":{"@id":"https:\/\/camping-bertahof.at\/it\/valle-di-gastein\/#breadcrumb"},"inLanguage":"it-IT","potentialAction":[{"@type":"ReadAction","target":["https:\/\/camping-bertahof.at\/it\/valle-di-gastein\/"]}]},{"@type":"BreadcrumbList","@id":"https:\/\/camping-bertahof.at\/it\/valle-di-gastein\/#breadcrumb","itemListElement":[{"@type":"ListItem","position":1,"name":"Startseite","item":"https:\/\/camping-bertahof.at\/it\/"},{"@type":"ListItem","position":2,"name":"Valle di Gastein"}]},{"@type":"WebSite","@id":"https:\/\/camping-bertahof.at\/it\/#website","url":"https:\/\/camping-bertahof.at\/it\/","name":"Camping Bertahof","description":"365 giorni piacere di camping al valle piú bello d´Austria!","potentialAction":[{"@type":"SearchAction","target":{"@type":"EntryPoint","urlTemplate":"https:\/\/camping-bertahof.at\/it\/?s={search_term_string}"},"query-input":{"@type":"PropertyValueSpecification","valueRequired":true,"valueName":"search_term_string"}}],"inLanguage":"it-IT"}]}</script>
<!-- / Yoast SEO plugin. -->

Ob Sommer oder Winter: Der Campingplatz Bertahof in Bad Hofgastein im Salzburger Land bietet alles für einen gelungenen Camping-Urlaub.

365 giorni piacere di camping al valle piú bello d´Austria!
